 a multiple of 38?
True
Is 18 even?
True
Is 12279 a multiple of 5?
False
Is 11 a factor of 18425?
True
Is 50 a factor of 1150?
True
Is 330 a factor of 39839?
False
Is 115699 a multiple of 73?
False
Does 39 divide 512?
False
Does 17 divide 15314?
False
Is 946 a multiple of 43?
True
Does 35 divide 22085?
True
Does 102 divide 19460?
False
Is 13620 a multiple of 20?
True
Is 12484 a multiple of 153?
False
Is 21 a factor of 109494?
True
Is 28 a factor of 608?
False
Is 20 a factor of 2140?
True
Is 8228 a multiple of 4?
True
Is 17 a factor of 806?
False
Is 5859 a multiple of 46?
False
Does 26 divide 3276?
True
Is 96 a factor of 4235?
False
Is 2051 a multiple of 7?
True
Is 118 a factor of 17110?
True
Is 2182 a multiple of 13?
False
Is 41 a factor of 16908?
False
Is 4 a factor of 1540?
True
Does 5 divide 1375?
True
Is 4056 a multiple of 26?
True
Is 7223 a multiple of 12?
False
Does 16 divide 58803?
False
Does 71 divide 284?
True
Is 165 a multiple of 55?
True
Is 180 a multiple of 4?
True
Is 19 a factor of 6569?
False
Does 12 divide 4608?
True
Is 27963 a multiple of 39?
True
Is 227 a multiple of 6?
False
Is 13 a factor of 10413?
True
Does 41 divide 4469?
True
Is 17 a factor of 68?
True
Does 39 divide 1093?
False
Is 3 a factor of 23?
False
Is 5320 a multiple of 10?
True
Does 34 divide 345?
False
Is 12 a factor of 1033?
False
Is 10 a factor of 982?
False
Does 24 divide 38016?
True
Does 51 divide 1938?
True
Does 19 divide 1957?
True
Is 33 a factor of 6039?
True
Is 1062 a multiple of 59?
True
Is 9 a factor of 191?
False
Is 31 a factor of 248?
True
Is 46 a factor of 552?
True
Does 9 divide 6483?
False
Does 5 divide 365?
True
Does 31 divide 6126?
False
Is 239 a factor of 28962?
False
Is 572 a multiple of 26?
True
Is 19 a factor of 2413?
True
Is 10979 a multiple of 15?
False
Is 18 a factor of 306?
True
Is 10 a factor of 1042?
False
Is 5 a factor of 3270?
True
Is 5 a factor of 300?
True
Does 17 divide 34714?
True
Does 5 divide 650?
True
Does 72 divide 359?
False
Is 16 a factor of 24426?
False
Is 13 a factor of 1586?
True
Is 26002 a multiple of 41?
False
Is 87 a factor of 87?
True
Is 11 a factor of 274?
False
Is 9 a factor of 6432?
False
Is 891 a multiple of 46?
False
Does 116 divide 14616?
True
Does 49 divide 64207?
False
Does 27 divide 1000?
False
Does 6 divide 96?
True
Is 83 a factor of 35275?
True
Does 11 divide 14619?
True
Does 36 divide 648?
True
Is 800 a multiple of 25?
True
Is 37 a multiple of 37?
True
Is 28000 a multiple of 224?
True
Does 22 divide 740?
False
Is 29 a factor of 1508?
True
Is 38 a factor of 896?
False
Is 1408 a multiple of 32?
True
Does 6 divide 344?
False
Is 6 a factor of 1335?
False
Does 2 divide 139?
False
Is 7 a factor of 44?
False
Does 91 divide 455?
True
Does 12 divide 816?
True
Is 54 a multiple of 54?
True
Is 20244 a multiple of 13?
False
Is 161 a factor of 25277?
True
Is 860 a multiple of 20?
True
Does 80 divide 1840?
True
Is 28091 a multiple of 5?
False
Is 10 a factor of 95580?
True
Does 4 divide 6360?
True
Does 17 divide 137?
False
Is 520 a multiple of 13?
True
Is 9 a factor of 2857?
False
Is 12 a factor of 264?
True
Does 6 divide 258?
True
Is 15647 a multiple of 110?
False
Does 26 divide 17227?
False
Does 48 divide 34224?
True
Does 76 divide 79240?
False
Is 5669 a multiple of 16?
False
Does 7 divide 36576?
False
Is 5585 a multiple of 27?
False
Is 55 even?
False
Is 3 a factor of 3706?
False
Is 2645 a multiple of 44?
False
Is 13 a factor of 494?
True
Is 18256 a multiple of 8?
True
Is 2 a factor of 7?
False
Does 26 divide 703?
False
Is 32 a factor of 1376?
True
Is 2465 a multiple of 51?
False
Is 18 a factor of 3935?
False
Does 28 divide 1036?
True
Is 31 a factor of 13330?
True
Is 2 a factor of 16163?
False
Does 35 divide 15485?
False
Is 1040 a multiple of 40?
True
Is 11726 a multiple of 41?
True
Does 7 divide 5468?
False
Is 14 a factor of 89571?
False
Is 446 a multiple of 2?
True
Is 85 a factor of 1982?
False
Is 1257 a multiple of 18?
False
Does 40 divide 1409?
False
Is 2083 a multiple of 14?
False
Is 11047 a multiple of 28?
False
Is 30189 a multiple of 17?
False
Is 6 a factor of 4201?
False
Is 139 a factor of 5284?
False
Is 6 a factor of 1678?
False
Is 5 a factor of 760?
True
Does 23 divide 140?
False
Is 11 a factor of 4804?
False
Is 31512 a multiple of 219?
False
Does 25 divide 1145?
False
Is 140 a factor of 11860?
False
Is 62 a factor of 14776?
False
Does 139 divide 9756?
False
Is 3076 a multiple of 44?
False
Does 35 divide 21728?
False
Is 261 a multiple of 18?
False
Is 1741 a multiple of 70?
False
Is 29 a factor of 19372?
True
Is 34 a factor of 102?
True
Is 81 a factor of 5867?
False
Is 6 a factor of 3114?
True
Does 71 divide 3184?
False
Does 4 divide 8?
True
Is 12 a factor of 4197?
False
Is 828 a multiple of 36?
True
Does 37 divide 1080?
False
Does 11 divide 6226?
True
Is 8 a factor of 34840?
True
Is 14410 a multiple of 262?
True
Is 22032 a multiple of 12?
True
Is 23565 a multiple of 111?
False
Is 21666 a multiple of 20?
False
Is 9 a factor of 3033?
True
Does 26 divide 9005?
False
Is 43 a multiple of 3?
False
Is 2436 a multiple of 15?
False
Is 34 a factor of 882?
False
Is 110 a factor of 3850?
True
Is 3612 a multiple of 12?
True
Is 1091 a multiple of 31?
False
Is 122 a multiple of 18?
False
Is 928 a multiple of 28?
False
Is 4 a factor of 186?
False
Is 5 a factor of 52?
False
Does 3 divide 1126?
False
Is 2640 a multiple of 28?
False
Is 5 a factor of 67?
False
Is 2604 a multiple of 14?
True
Does 17 divide 1207?
True
Is 15392 a multiple of 32?
True
Is 22 a factor of 418?
True
Does 86 divide 17841?
False
Is 295 a multiple of 5?
True
Is 108780 a multiple of 147?
True
Is 18 a factor of 10309?
False
Does 162 divide 19564?
False
Does 21 divide 71180?
False
Is 1170 a multiple of 65?
True
Does 4 divide 6474?
False
Is 22 a factor of 9820?
False
Does 16 divide 62240?
True
Is 38 a factor of 341?
False
Is 1296 a multiple of 27?
True
Is 25336 a multiple of 57?
False
Is 2190 a multiple of 10?
True
Is 11 a factor of 330?
True
Is 123 a factor of 15129?
True
Is 18 a factor of 6534?
True
Is 45 a factor of 675?
True
Does 70 divide 2168?
False
Is 24 a factor of 9456?
True
Is 685 a multiple of 5?
True
Does 98 divide 98671?
False
Is 1118 a multiple of 43?
True
Is 16 a factor of 1184?
True
Is 68 a factor of 612?
True
Is 17545 a multiple of 55?
True
Does 22 divide 894?
False
Is 27 a multiple of 9?
True
Does 53 divide 424?
True
Does 32 divide 30977?
False
Does 8 divide 4814?
False
Is 147 a multiple of 4?
False
Does 3 divide 801?
True
Is 9994 a multiple of 11?
False
Is 81 a factor of 1592?
False
Does 4 divide 13161?
False
Is 153 a multiple of 17?
True
Is 15 a factor of 690?
True
Is 31 a factor of 14973?
True
Does 146 divide 19364?
False
Is 1458 a multiple of 7?
False
Is 1881 a multiple of 31?
False
Is 3212 a multiple of 11?
True
Is 761 a multiple of 9?
False
Is 1412 a multiple of 38?
False
Is 6 a factor of 9971?
False
Does 10 divide 1772?
False
Is 715 a multiple of 21?
False
Does 8 divide 423?
False
Is 154 a multiple of 53?
False
Does 45 divide 2340?
True
Does 29 divide 58?
True
Is 22 a factor of 22814?
True
Is 360 a multiple of 60?
True
Is 2290 a multiple of 39?
False
Is 18 a factor of 1201?
False
Is 80 a factor of 578?
False
Is 20 a factor of 360?
True
Does 68 divide 3808?
True
Does 9 divide 1494?
True
Does 17 divide 50150?
True
Does 255 divide 83038?
False
Does 6 divide 19?
False
Is 6939 a multiple of 102?
False
Does 30 divide 20460?
True
Is 3280 a multiple of 20?
True
Is 23226 a multiple of 147?
True
Is 686 a multiple of 7?
True
Is 278 a factor of 278?
True
Is 9 a factor of 306?
True
Is 29 a factor of 65047?
True
Is 25 a factor of 1675?
True
Does 5 divide 7155?
True
Does 27 divide 486?
True
Is 5603 a multiple of 13?
True
Is 1860 a multiple of 111?
False
Does 15 divide 15?
True
Does 46 divide 966?
True
Does 9 divide 1902?
False
Is 1750 a multiple of 7?
True
Is 462 a multiple of 21?
True
Is 60 a factor of 3898?
False
Does 2 divide 51?
False
Is 14 a factor of 3070?
False
Is 2241 a multiple of 17?
False
Is 12 a factor of 6718?
False
Is 67 a factor of 3417?
True
Is 39084 a multiple of 183?
False
Is 2348 a multiple of 8?
False
Is 57 a factor of 2052?
True
Is 271 a multiple of 4?
False
Is 252 a multiple of 19?
False
Is 1595 a multiple of 5?
True
Is 339 